 -3047a (base 14) in base 5?
-12204030
Convert -213535300 (base 6) to base 15.
-507b7c
What is -20121210000 (base 3) in base 5?
-13132304
Convert -121013032010 (base 4) to base 14.
-c35188
What is 10101000110010010 (base 2) in base 13?
30447
6653664 (base 9) to base 11
2024620
Convert 11100000001001010 (base 2) to base 11.
7924a
What is 4bdfc5 (base 16) in base 3?
100100121222010
Convert 404835 (base 9) to base 15.
4b0b2
Convert -40ee70 (base 16) to base 2.
-10000001110111001110000
What is -210220130 (base 4) in base 5?
-14300134
Convert 212200122 (base 4) to base 15.
31aec
Convert 5391b (base 16) to base 7.
2623646
470480 (base 13) to base 2
110011011100101110111
4854654 (base 10) to base 14
905290
-10ab2 (base 14) to base 5
-2244112
-110100301012 (base 4) to base 11
-2aa871a
What is -1877053 (base 10) in base 3?
-10112100211111
What is -12101210010120 (base 3) in base 15?
-3ba310
Convert 302231033 (base 5) to base 14.
237681
5706743 (base 8) to base 13
420805
11001303000 (base 4) to base 11
820325
What is 2210202220 (base 3) in base 10?
55239
What is -1111443 (base 7) in base 5?
-13344202
What is 326547 (base 9) in base 11?
123636
2032212 (base 5) to base 4
20022120
Convert -1b9424 (base 12) to base 7.
-4122364
Convert 73776 (base 8) to base 3.
1120010201
Convert 14242423 (base 6) to base 12.
1b6413
-11110111111001110 (base 2) to base 5
-13030201
-cbb1 (base 15) to base 5
-2340031
Convert -1625224 (base 14) to base 7.
-161126144
453587 (base 9) to base 5
32143142
Convert 101001110011011111100111 (base 2) to base 5.
10301140243
What is -2cb057 (base 13) in base 15?
-16db57
Convert -433453 (base 7) to base 9.
-124744
Convert 19252 (base 16) to base 11.
70421
Convert 27020 (base 12) to base 15.
10d2c
1354847 (base 11) to base 14
44a970
Convert -20033634 (base 7) to base 15.
-22a85c
Convert 1161060 (base 7) to base 10.
149247
-10010000111111100101 (base 2) to base 12
-247831
What is -45342255 (base 6) in base 9?
-2535758
Convert 100322103 (base 4) to base 15.
157cc
Convert 84b01 (base 14) to base 3.
121021120221
211143412 (base 5) to base 16
d71d3
Convert 22023212201 (base 4) to base 3.
12000121010102
1231653 (base 7) to base 15
32246
What is 795667 (base 10) in base 8?
3022023
Convert 111423 (base 10) to base 2.
11011001100111111
Convert 2699124 (base 11) to base 16.
47010b
Convert -34500422 (base 6) to base 16.
-1041fe
What is -101000101110101111001 (base 2) in base 6?
-44334533
-1cd1d3 (base 15) to base 2
-101011000100001100101
Convert -709056 (base 13) to base 9.
-4831403
-1010011001111111100011 (base 2) to base 15
-38d407
Convert -1222112222221 (base 3) to base 6.
-34332124
23335000 (base 7) to base 14
3b8700
-11a7f4 (base 16) to base 12
-479758
72b65 (base 13) to base 14
55251
219a12 (base 14) to base 9
2127714
What is 28760 (base 13) in base 7?
434312
-3311112002 (base 4) to base 9
-1801448
What is -2231789 (base 10) in base 7?
-24653450
1241011023 (base 5) to base 8
13536737
Convert 79834 (base 10) to base 8.
233732
26c6062 (base 13) to base 16
baba3a
-13104203 (base 5) to base 14
-34c74
What is -8386554 (base 9) in base 8?
-21071547
What is -10000011000010011101011 (base 2) in base 6?
-232011003
-2440232 (base 7) to base 16
-4c3bb
-a7180 (base 14) to base 7
-3300620
-185ba (base 15) to base 2
-10011010001001101
Convert 4356005 (base 12) to base 11.
7256221
What is 286718 (base 11) in base 7?
3544235
-121223303 (base 5) to base 3
-1001222111220
-1001011100100001110110 (base 2) to base 3
-11122210122021
100001110101001000 (base 2) to base 4
201311020
What is 25554031 (base 6) in base 7?
10064134
Convert -212741 (base 8) to base 3.
-10121120201
220302010 (base 4) to base 14
44c3a
What is 14474725 (base 9) in base 6?
414111122
Convert a67ad9 (base 14) to base 9.
11531031
What is -94089 (base 13) in base 11?
-1718a3
What is -41114040 (base 5) in base 14?
-891c7
Convert -91170 (base 11) to base 15.
-29768
200100102122 (base 3) to base 8
1301321
-45115 (base 15) to base 7
-1603202
Convert -78960 (base 10) to base 6.
-1405320
a8a265 (base 13) to base 3
21110101022202
Convert -1d54b3 (base 15) to base 3.
-2200221001120
101010020032 (base 4) to base 7
53010601
1420510 (base 6) to base 12
3a736
Convert 5423544 (base 6) to base 9.
447351
What is 1312936 (base 11) in base 15?
2ed7d0
What is 758802 (base 12) in base 9?
3445082
What is 342415101 (base 6) in base 15?
842531
Convert 38946b (base 12) to base 13.
266885
Convert 5050117 (base 9) to base 15.
382107
Convert 123311330 (base 4) to base 9.
183385
1522854 (base 9) to base 16
cd8eb
What is -247922 (base 14) in base 10?
-1250314
-13315253 (base 10) to base 7
-221114660
Convert b5ac37 (base 13) to base 8.
20156700
-1124010414 (base 5) to base 2
-1001110001110010100010
What is 24ced2 (base 16) in base 10?
2412242
What is 603041 (base 8) in base 14?
52317
-7a35 (base 12) to base 3
-200121212
Convert 81b62 (base 14) to base 11.
1a3712
Convert 11481911 (base 10) to base 6.
1050032555
Convert -120221202021 (base 4) to base 13.
-1453125
-1055413 (base 7) to base 4
-200013313
Convert 1111100011101101110010 (base 2) to base 6.
223225414
What is 2021112011 (base 3) in base 13?
17551
368c50 (base 13) to base 2
100111110100101010010
Convert -12814 (base 10) to base 16.
-320e
Convert 184623 (base 9) to base 5.
12134320
Convert -1d29 (base 16) to base 2.
-1110100101001
What is -111957a (base 11) in base 9?
-3616453
Convert -1321312030 (base 4) to base 16.
-79d8c
Convert -2241 (base 13) to base 5.
-123120
Convert 491659 (base 10) to base 12.
1b8637
-447520 (base 10) to base 2
-1101101010000100000
What is -2b9b2 (base 14) in base 16?
-1a988
Convert 2357031 (base 10) to base 13.
646ac1
Convert -603363 (base 7) to base 9.
-165003
-1755212 (base 14) to base 16
-af7be0
Convert 557150 (base 8) to base 16.
2de68
Convert -221313 (base 8) to base 3.
-10210010011
-5464120 (base 9) to base 15
-3cecdc
What is 313614 (base 10) in base 13?
ac992
Convert 4775834 (base 10) to base 13.
cb2a4b
What is 1100201000 (base 3) in base 13?
c243
What is 132332123220 (base 4) in base 3?
120021112121020
What is 22023014 (base 6) in base 7?
5402542
Convert 22111212 (base 4) to base 3.
2011002020
What is -862093 (base 12) in base 3?
-10222122020010
-d42e (base 16) to base 4
-31100232
-13300234 (base 6) to base 5
-103141301
What is 2362b3 (base 13) in base 2?
11001101100011001111
Convert -110000011010010100 (base 2) to base 9.
-332004
Convert -94970 (base 11) to base 16.
-21c13
Convert 430043 (base 6) to base 16.
88cb
What is 22332020 (base 4) in base 11?
30841
Convert -104231303 (base 5) to base 14.
-c024d
-716459 (base 10) to base 13
-1c1153
What is 1111102011222 (base 3) in base 16?
c2351
-356347a (base 11) to base 16
-5ecafc
What is -76626 (base 10) in base 13?
-28b54
213023 (base 4) to base 11
197a
Convert 1477638 (base 10) to base 14.
2a66d8
-3a6175 (base 12) to base 5
-221330312
Convert -2204430 (base 11) to base 6.
-214545333
Convert -8562040 (base 11) to base 10.
-15068295
What is -10423003 (base 5) in base 4?
-112201131
11022021111 (base 3) to base 2
10100101100011110
Convert 1001101000100101001111 (base 2) to base 16.
26894f
What is -ae8af (base 16) in base 2?
-10101110100010101111
What is 32030200 (base 4) in base 10?
58144
What is -d2113 (base 16) in base 6?
-30235255
111011111110001111100 (base 2) to base 16
1dfc7c
Convert 242223 (base 9) to base 6.
3043503
What is -604811 (base 10) in base 14?
-11a5ab
What is -1000001010111100010110101 (base 2) in base 9?
-35216804
210012221102 (base 3) to base 9
705842
Convert 23311504 (base 6) to base 13.
1c4c1a
Convert 4152503 (base 6) to base 13.
70938
What is -2526b8 (base 13) in base 2?
-11011001100001000110
What is -11101100101111 (base 2) in base 6?
-154051
Convert 8d216c (base 15) to base 7.
111201510
45323353 (base 6) to base 4
11100312111
-1307186 (base 11) to base 5
-1034423441
673530 (base 8) to base 4
313131120
Convert b50c01 (base 14) to base 16.
5d3d21
Convert 21121020111100 (base 3) to base 9.
7536440
What is 152223403 (base 6) in base 5?
1304112142
What is 24521702 (base 9) in base 11?
6857894
-12475501 (base 8) to base 10
-2784065
What is -1222000021102 (base 3) in base 8?
-3765707
What is 1223110 (base 4) in base 6?
51444
What is -20cfad (base 16) in base 7?
-24164101
C